31 a factor of 7290?
False
Is 43 a multiple of 43?
True
Is 19 a factor of 5039?
False
Is 52 a factor of 2372?
False
Is 106 a multiple of 3?
False
Is 280 a multiple of 35?
True
Is 44299 a multiple of 13?
False
Does 82 divide 15805?
False
Does 8 divide 447?
False
Is 5 a factor of 17145?
True
Is 917 a multiple of 68?
False
Is 18 a factor of 718?
False
Does 16 divide 121?
False
Is 2749 even?
False
Is 16416 a multiple of 101?
False
Does 48 divide 672?
True
Is 13272 a multiple of 179?
False
Is 20 a factor of 8100?
True
Is 17 a factor of 27153?
False
Is 15 a factor of 15195?
True
Does 14 divide 700?
True
Is 3487 a multiple of 17?
False
Does 23 divide 807?
False
Does 20 divide 653?
False
Is 9 a factor of 1437?
False
Is 296 a factor of 888?
True
Is 1187 a multiple of 11?
False
Is 10 a factor of 19990?
True
Is 22 a factor of 2136?
False
Is 25 a factor of 1375?
True
Is 2772 a multiple of 77?
True
Is 27 a factor of 189?
True
Is 4510 a multiple of 55?
True
Does 2 divide 484?
True
Does 3 divide 16?
False
Is 26 a factor of 7228?
True
Does 99 divide 25010?
False
Is 6 a factor of 2770?
False
Does 54 divide 14319?
False
Does 56 divide 113?
False
Does 125 divide 79500?
True
Is 16 a factor of 30524?
False
Does 5 divide 914?
False
Does 35 divide 700?
True
Is 105 a factor of 9660?
True
Does 27 divide 1622?
False
Does 44 divide 616?
True
Is 603 a multiple of 16?
False
Is 15 a factor of 285?
True
Does 11 divide 4749?
False
Does 26 divide 395?
False
Is 12 a factor of 1836?
True
Is 57798 a multiple of 25?
False
Does 30 divide 1252?
False
Is 11 a factor of 597?
False
Does 19 divide 1577?
True
Does 18 divide 6336?
True
Does 18 divide 4834?
False
Is 3024 a multiple of 48?
True
Does 52 divide 6881?
False
Is 1039 a multiple of 6?
False
Is 21 a factor of 588?
True
Is 10 a factor of 1252?
False
Does 13 divide 12285?
True
Is 12892 a multiple of 28?
False
Does 9 divide 27?
True
Is 547 a multiple of 90?
False
Is 12141 a multiple of 19?
True
Does 347 divide 52744?
True
Is 19 a factor of 205?
False
Is 46 a factor of 492?
False
Is 28 a factor of 1176?
True
Is 57 a factor of 17043?
True
Does 16 divide 50384?
True
Is 48 a factor of 10080?
True
Does 27 divide 3727?
False
Is 14 a factor of 1064?
True
Is 3 a factor of 766?
False
Does 33 divide 2046?
True
Is 34536 a multiple of 24?
True
Does 17 divide 26?
False
Is 1970 a multiple of 22?
False
Is 1445 a multiple of 70?
False
Is 11 a factor of 703?
False
Is 14 a factor of 798?
True
Does 114 divide 456?
True
Is 42 a factor of 1764?
True
Does 19 divide 403?
False
Is 20 a factor of 910?
False
Is 754 a multiple of 2?
True
Is 5 a factor of 2400?
True
Is 19 a factor of 28229?
False
Is 1632 a multiple of 3?
True
Is 5 a factor of 14476?
False
Does 10 divide 1780?
True
Is 14 a factor of 4207?
False
Does 7 divide 228?
False
Is 79 a factor of 50390?
False
Is 8931 a multiple of 18?
False
Does 63 divide 504?
True
Does 5 divide 250?
True
Is 3 a factor of 22?
False
Is 12 a factor of 130808?
False
Is 25 a factor of 1050?
True
Is 17 a factor of 2180?
False
Is 13879 a multiple of 4?
False
Is 36650 a multiple of 107?
False
Is 1566 a multiple of 7?
False
Is 19 a factor of 190?
True
Is 1980 a multiple of 10?
True
Is 15 a factor of 623?
False
Does 157 divide 1294?
False
Is 2 a factor of 261?
False
Is 5723 a multiple of 97?
True
Is 45414 a multiple of 174?
True
Is 1122 a multiple of 66?
True
Is 1241 a multiple of 17?
True
Is 27985 a multiple of 193?
True
Is 7 a factor of 826?
True
Is 2783 a multiple of 15?
False
Does 11 divide 26081?
True
Is 157 a factor of 2669?
True
Is 29 a factor of 1044?
True
Is 36936 a multiple of 162?
True
Is 166 a factor of 27612?
False
Is 19 a factor of 684?
True
Is 5 a factor of 704?
False
Does 3 divide 5854?
False
Is 11472 a multiple of 16?
True
Is 2765 a multiple of 7?
True
Does 16 divide 262?
False
Is 24 a factor of 59578?
False
Does 6 divide 14?
False
Does 39 divide 312?
True
Is 8 a factor of 14412?
False
Is 274 a multiple of 12?
False
Is 8 a factor of 456?
True
Does 32 divide 4119?
False
Is 34 a factor of 340?
True
Is 6006 a multiple of 19?
False
Is 14 a factor of 1848?
True
Does 15 divide 10206?
False
Is 5 a factor of 490?
True
Does 22 divide 660?
True
Does 12 divide 11415?
False
Is 93 a multiple of 9?
False
Does 215 divide 4486?
False
Is 6642 a multiple of 33?
False
Is 6030 a multiple of 67?
True
Does 14 divide 18811?
False
Is 154 a factor of 104276?
False
Is 24 a factor of 5472?
True
Is 649 a multiple of 35?
False
Does 107 divide 384?
False
Is 90745 a multiple of 42?
False
Is 10067 a multiple of 111?
False
Does 4 divide 31?
False
Does 13 divide 382?
False
Does 21 divide 357?
True
Is 902 a multiple of 11?
True
Does 85 divide 17510?
True
Is 19 a factor of 874?
True
Does 112 divide 26145?
False
Does 41 divide 13498?
False
Is 8373 a multiple of 11?
False
Is 2 a factor of 1199?
False
Is 5 a factor of 155?
True
Is 13456 a multiple of 16?
True
Is 25 a factor of 43775?
True
Is 17 a factor of 4313?
False
Does 90 divide 1890?
True
Does 83 divide 9234?
False
Is 36480 a multiple of 304?
True
Does 232 divide 58131?
False
Is 94 a factor of 1504?
True
Is 224 a factor of 48900?
False
Is 10 a factor of 156?
False
Is 16 a factor of 9910?
False
Is 24647 a multiple of 49?
True
Is 2068 a multiple of 22?
True
Does 193 divide 17134?
False
Is 61 a factor of 1891?
True
Is 24 a factor of 720?
True
Is 109038 a multiple of 157?
False
Is 416 a multiple of 16?
True
Is 66220 a multiple of 301?
True
Is 7088 a multiple of 48?
False
Is 30 a factor of 4701?
False
Is 2 a factor of 6078?
True
Is 26 a factor of 8684?
True
Is 142 a factor of 7100?
True
Does 78 divide 468?
True
Is 23 a factor of 2599?
True
Is 54 a factor of 23740?
False
Is 13 a factor of 4848?
False
Does 24 divide 264?
True
Is 5891 a multiple of 20?
False
Is 22248 a multiple of 7?
False
Does 7 divide 1512?
True
Does 18 divide 5280?
False
Is 988 a multiple of 13?
True
Is 79586 a multiple of 13?
True
Does 9 divide 563?
False
Is 340 a multiple of 68?
True
Is 2077 a multiple of 67?
True
Is 74 a factor of 3435?
False
Does 91 divide 2522?
False
Does 19 divide 2624?
False
Is 144 a factor of 4353?
False
Is 4760 a multiple of 70?
True
Is 9202 a multiple of 86?
True
Is 46 a factor of 6241?
False
Does 2 divide 1824?
True
Does 6 divide 97?
False
Is 32750 a multiple of 57?
False
Is 25960 a multiple of 11?
True
Is 19 a factor of 74?
False
Is 155 a multiple of 7?
False
Is 729 a multiple of 27?
True
Is 2185 a multiple of 104?
False
Is 11 a factor of 978?
False
Does 15 divide 2385?
True
Is 30 a factor of 624?
False
Does 10 divide 8390?
True
Is 16 a factor of 138?
False
Is 28 a factor of 32?
False
Is 66372 a multiple of 12?
True
Does 30 divide 16230?
True
Does 35 divide 4663?
False
Is 15 a factor of 1568?
False
Is 10 a factor of 3090?
True
Does 10 divide 364?
False
Is 36 a factor of 612?
True
Is 22 a factor of 3498?
True
Is 53 a factor of 1007?
True
Is 57 a factor of 3990?
True
Does 30 divide 20834?
False
Is 9 a factor of 771?
False
Is 1464 a multiple of 24?
True
Does 4 divide 712?
True
Is 996 a multiple of 38?
False
Is 63 a multiple of 21?
True
Is 1178 a multiple of 15?
False
Is 31 a factor of 35212?
False
Is 30 a factor of 4257?
False
Is 63 a factor of 714?
False
Does 3 divide 2700?
True
Is 4012 a multiple of 68?
True
Is 74 a multiple of 11?
False
Is 1073 a multiple of 37?
True
Is 14 a factor of 952?
True
Is 20604 a multiple of 17?
True
Is 62 a factor of 17611?
False
Does 6 divide 744?
True
Is 6 a factor of 1411?
False
Is 1326 a multiple of 39?
True
Is 7 a factor of 483?
True
Does 4 divide 17412?
True
Is 86672 a multiple of 11?
False
Is 60 a factor of 8741?
False
Is 8 a factor of 863?
False
Does 14 divide 35934?
False
Is 98 a factor of 31360?
True
Is 6876 a multiple of 12?
True
Is 14 a factor of 924?
True
Is 32 a factor of 885?
False
Is 13 a factor of 5733?
True
Does 39 divide 741?
True
Does 75 divide 16350?
True
Is 40 a factor of 2640?
True
Is 140 a factor of 18200?
True
Is 27 a factor of 2781?
True
Is 27856 a multiple of 203?
False
Is 31 a factor of 2926?
False
Is 1573 a multiple of 86?
False
Does 11 divide 6798?
True
Is 804 a multiple of 21?
False
Is 10714 a multiple of 14?
False
Does 16 divide 672?
True
Is 50639 a multiple of 34?
False
Does 27 divide 378?
True
Is 1693 a multiple of 24?
False
Is 57 a factor o